divided by 376?
2
What is the remainder when 722 is divided by 28?
22
What is the remainder when 113 is divided by 55?
3
Calculate the remainder when 197 is divided by 22.
21
What is the remainder when 183 is divided by 38?
31
Calculate the remainder when 89 is divided by 13.
11
Calculate the remainder when 384 is divided by 358.
26
Calculate the remainder when 1182 is divided by 235.
7
Calculate the remainder when 296 is divided by 25.
21
What is the remainder when 9850 is divided by 66?
16
What is the remainder when 755 is divided by 11?
7
Calculate the remainder when 3244 is divided by 28.
24
What is the remainder when 119 is divided by 64?
55
Calculate the remainder when 2158 is divided by 38.
30
Calculate the remainder when 103 is divided by 41.
21
What is the remainder when 1101 is divided by 29?
28
What is the remainder when 8441 is divided by 4220?
1
What is the remainder when 127 is divided by 10?
7
Calculate the remainder when 334 is divided by 82.
6
Calculate the remainder when 578 is divided by 7.
4
What is the remainder when 302 is divided by 61?
58
What is the remainder when 47 is divided by 13?
8
What is the remainder when 141 is divided by 47?
0
Calculate the remainder when 109 is divided by 59.
50
What is the remainder when 1199 is divided by 120?
119
What is the remainder when 87 is divided by 23?
18
Calculate the remainder when 291 is divided by 154.
137
What is the remainder when 233 is divided by 59?
56
Calculate the remainder when 535 is divided by 143.
106
What is the remainder when 135 is divided by 13?
5
What is the remainder when 6756 is divided by 31?
29
What is the remainder when 1743 is divided by 294?
273
Calculate the remainder when 2647 is divided by 45.
37
Calculate the remainder when 94 is divided by 4.
2
Calculate the remainder when 405 is divided by 133.
6
What is the remainder when 1952 is divided by 28?
20
What is the remainder when 1137 is divided by 19?
16
What is the remainder when 1515 is divided by 16?
11
What is the remainder when 230 is divided by 21?
20
What is the remainder when 2903 is divided by 1448?
7
Calculate the remainder when 2276 is divided by 143.
131
Calculate the remainder when 98478 is divided by 40.
38
What is the remainder when 4491 is divided by 14?
11
What is the remainder when 209 is divided by 42?
41
What is the remainder when 159 is divided by 10?
9
Calculate the remainder when 388 is divided by 33.
25
What is the remainder when 92 is divided by 49?
43
What is the remainder when 351 is divided by 36?
27
Calculate the remainder when 250 is divided by 9.
7
What is the remainder when 1186 is divided by 42?
10
Calculate the remainder when 1157 is divided by 83.
78
Calculate the remainder when 485 is divided by 8.
5
What is the remainder when 638 is divided by 71?
70
Calculate the remainder when 2382 is divided by 199.
193
Calculate the remainder when 278 is divided by 58.
46
What is the remainder when 540 is divided by 16?
12
Calculate the remainder when 74 is divided by 26.
22
Calculate the remainder when 333 is divided by 58.
43
What is the remainder when 59 is divided by 20?
19
What is the remainder when 1543 is divided by 43?
38
What is the remainder when 1430 is divided by 80?
70
What is the remainder when 671 is divided by 96?
95
What is the remainder when 1636 is divided by 117?
115
Calculate the remainder when 689 is divided by 10.
9
What is the remainder when 1642 is divided by 1578?
64
Calculate the remainder when 1767 is divided by 222.
213
Calculate the remainder when 1352 is divided by 199.
158
Calculate the remainder when 181 is divided by 127.
54
Calculate the remainder when 4198 is divided by 175.
173
Calculate the remainder when 609 is divided by 12.
9
What is the remainder when 1668 is divided by 31?
25
Calculate the remainder when 188 is divided by 67.
54
Calculate the remainder when 78 is divided by 17.
10
What is the remainder when 730 is divided by 144?
10
Calculate the remainder when 408 is divided by 103.
99
What is the remainder when 845 is divided by 85?
80
What is the remainder when 53 is divided by 5?
3
What is the remainder when 79 is divided by 4?
3
Calculate the remainder when 1598 is divided by 107.
100
What is the remainder when 724 is divided by 145?
144
Calculate the remainder when 755 is divided by 54.
53
What is the remainder when 80 is divided by 80?
0
Calculate the remainder when 2182 is divided by 27.
22
What is the remainder when 192 is divided by 23?
8
Calculate the remainder when 23901 is divided by 9.
6
Calculate the remainder when 331 is divided by 9.
7
Calculate the remainder when 154 is divided by 4.
2
Calculate the remainder when 253 is divided by 20.
13
Calculate the remainder when 473 is divided by 19.
17
Calculate the remainder when 130 is divided by 69.
61
What is the remainder when 37 is divided by 16?
5
Calculate the remainder when 576 is divided by 12.
0
Calculate the remainder when 6826 is divided by 2271.
13
What is the remainder when 40 is divided by 22?
18
What is the remainder when 467 is divided by 47?
44
Calculate the remainder when 326 is divided by 102.
20
Calculate the remainder when 127 is divided by 16.
15
Calculate the remainder when 351 is divided by 49.
8
Calculate the remainder when 916 is divided by 44.
36
What is the remainder when 219 is divided by 22?
21
What is the remainder when 482 is divided by 43?
9
What is the remainder when 7000 is divided by 47?
44
Calculate the remainder when 4138 is divided by 115.
113
Calculate the remainder when 207 is divided by 8.
7
Calculate the remainder when 2430 is divided by 122.
112
What is the remainder when 355 is divided by 17?
15
Calculate the remainder when 91 is divided by 50.
41
What is the remainder when 1142 is divided by 35?
22
Calculate the remainder when 28 is divided by 7.
0
What is the remainder when 477 is divided by 96?
93
Calculate the remainder when 338 is divided by 167.
4
What is the remainder when 252 is divided by 8?
4
What is the remainder when 9217 is divided by 12?
1
What is the remainder when 780 is divided by 34?
32
Calculate the remainder when 258 is divided by 20.
18
Calculate the remainder when 177 is divided by 90.
87
What is the remainder when 108 is divided by 36?
0
What is the remainder when 227 is divided by 55?
7
What is the remainder when 551 is divided by 265?
21
Calculate the remainder when 215 is divided by 27.
26
What is the remainder when 188 is divided by 21?
20
What is the remainder when 2300 is divided by 23?
0
Calculate the remainder when 362 is divided by 28.
26
Calculate the remainder when 22560 is divided by 389.
387
What is the remainder when 2049 is divided by 47?
28
Calculate the remainder when 283 is divided by 158.
125
Calculate the remainder when 351 is divided by 158.
35
Calculate the remainder when 796 is divided by 264.
4
What is the remainder when 1399 is divided by 34?
5
What is the remainder when 6153 is divided by 22?
15
Calculate the remainder when 121 is divided by 41.
39
Calculate the remainder when 2392 is divided by 170.
12
What is the remainder when 167 is divided by 23?
6
What is the remainder when 671 is divided by 98?
83
Calculate the remainder when 182 is divided by 63.
56
What is the remainder when 75 is divided by 21?
12
Calculate the remainder when 1581 is divided by 44.
41
What is the remainder when 255 is divided by 50?
5
Calculate the remainder when 215 is divided by 43.
0
Calculate the remainder when 338 is divided by 31.
28
What is the remainder when 393 is divided by 3?
0
Calculate the remainder when 999 is divided by 39.
24
Calculate the remainder when 1901 is divided by 1898.
3
Calculate the remainder when 25519 is divided by 47.
45
What is the remainder when 4806 is divided by 11?
10
What is the remainder when 168 is divided by 43?
39
What is the remainder when 160 is divided by 43?
31
Calculate the remainder when 819 is divided by 41.
40
What is the remainder when 840 is divided by 94?
88
What is the remainder when 465 is divided by 117?
114
What is the remainder when 673 is divided by 148?
81
Calculate the remainder when 417 is divided by 203.
11
What is the remainder when 380 is divided by 110?
50
Calculate the remainder when 109 is divided by 38.
33
Calculate the remainder when 41